 23. Suppose -j*y - 4 = -0*y. Let z(k) = -15*k**3 + k**2. Give z(y).
16
Let n(h) be the second derivative of 0 - 1/60*h**5 + h**2 + 1/8*h**4 + 1/3*h**3 - 3*h. Let g(v) be the first derivative of n(v). Give g(3).
2
Suppose -b = -5*k - 3 - 8, 19 = -b - k. Let n be 8/b*(-21)/6. Let y(g) = g**3 + 3*g**2 - n*g**3 + g**2 - 5*g**2 + g. Give y(2).
-10
Let z(b) be the first derivative of -b**3/3 + b**2/2 + 3*b + 5. Determine z(-3).
-9
Let l = -7 + 11. Let p(j) = 5*j. Let i(d) = -4*d + 1. Suppose -4*g + 18 - 6 = 0. Let y(s) = g*p(s) + l*i(s). Calculate y(4).
0
Let f(o) = o - 8. Let w = 15 + -8. What is f(w)?
-1
Suppose 0 = -4*b - 1 - 7. Let y(q) be the first derivative of -q**3/3 + q**2/2 - q + 1. Determine y(b).
-7
Suppose 0 = x - 2 - 1. Let a = x - -2. Let r(t) = -t - a + 4 + 2*t. Calculate r(0).
-1
Let d(y) be the first derivative of -y**3/3 + 5*y**2/2 + 3*y + 10. Determine d(4).
7
Let w(k) = -3*k**3 + 2*k + 1. Let a(f) = -f**3 + 4*f**2 - f + 3. Let m be a(4). Let z = -2 + 0. Let y be (-2)/(z - 4*m). Determine w(y).
2
Suppose f + 19 = 12. Let d(k) = -k**2 - 5*k + 8. Give d(f).
-6
Let o(t) = t**3 + 3*t**2 - 4*t - 2. Let l be o(-4). Let r(d) = -2*d + 166. Let p be r(0). Let y(q) = p - 166 - 5*q. What is y(l)?
10
Let d(k) be the first derivative of -k**4/4 + 5*k**3/3 - 2*k**2 + 5*k - 3. Determine d(4).
5
Let h be 8 - (-1)/(-2 - -3). Let x be 15*(2 - 15/h). Let l(y) = -y + 10. Calculate l(x).
5
Let g(x) = x. Let a be ((-14)/35)/((-4)/10). Give g(a).
1
Suppose m + m + n - 4 = 0, -4*m + 20 = -4*n. Let r be 3/m - (-3 - 0). Let u(a) = a**2 - 4*a - 3. Determine u(r).
-3
Let l be 72/(-30)*((-6)/4 - 1). Let n(b) = b**3 - 5*b**2 - 4*b + 8. Give n(l).
20
Let l(o) = o**3 + 5*o**2 - o - 7. Let a be (-25)/(-9) + 2/9. Suppose c + a = 5. Suppose -3*u + c = 17. Give l(u).
-2
Suppose 5*s + 0*s = h + 14, s - 6 = h. Let a(w) = w. Calculate a(h).
-4
Let l(v) = -2 + v**3 + 7 + 1 - 2*v**3 - v**2. What is l(0)?
6
Let k be -2 - 2/(-3)*3. Let c be k/(-2)*(-2)/(-4). Let q(u) be the second derivative of u**4/12 + u**3/6 + 3*u**2 - 15*u. What is q(c)?
6
Let a(h) = 9*h**2 - 4*h**2 + h - h. Calculate a(2).
20
Let f(u) = -u + 1. Suppose 5*x = 3*g + 3, g + 2*g + 2*x - 18 = 0. Suppose -g*d = 12 - 0. Give f(d).
4
Let r(x) = 9*x + 1. Let v(l) = 14*l + 1. Let p(w) = -8*r(w) + 5*v(w). Suppose -4*c - 4*m = -3*c + 10, m + 2 = 0. What is p(c)?
1
Let z = 0 - -6. Let q(j) = 2*j - 7. Calculate q(z).
5
Let g(o) = -3. Let s(f) be the first derivative of f**3/3 + f + 6. Suppose -3*r = -5*r + 2. Let c(h) = r*g(h) + 2*s(h). Give c(-1).
1
Suppose -5*k = 2*q, -5*q = -2*k - 0*q - 29. Let l be 0 + (2 - k)/2. Suppose l*c + 10 = 3*c + 2*f, 5*c = 2*f + 2. Let s(r) = r**2 - 2*r - 1. What is s(c)?
-1
Let u be 2 + (-3 - 10) - -5. Let s(j) = -j**2 - 10*j - 1. What is s(u)?
23
Let l(d) = 7*d**3 - 5*d**2 + 3*d - 3. Let y be 3 - 6*6/4. Let w(m) = -15*m**3 + 11*m**2 - 7*m + 7. Let j(r) = y*w(r) - 13*l(r). Determine j(2).
-9
Suppose 2*h + 10 = -22. Let n = h + 12. Let v(t) be the second derivative of t**5/20 + t**4/3 - t**2/2 + t. Calculate v(n).
-1
Let u be (-1)/((-84)/144 - (-1)/4). Let s(q) = -2*q + 2. Give s(u).
-4
Let v(t) = t**3 + 6*t**2 - 6*t - 1. Let s be v(-7). Let i(n) = 7*n**3 - 3*n - 19. Let m(h) = 11*h**3 - 5*h - 29. Let c(b) = s*i(b) + 5*m(b). Calculate c(0).
7
Let o(u) = u**2. Let z(f) = f**3 - 3*f**2 - f. Let i(r) = -4*o(r) - z(r). Determine i(0).
0
Let u be 3/(90/25 + -3). Let v(k) = -2*k**2 + 6*k + 3. What is v(u)?
-17
Let d(w) = 3*w - 4. Let z(o) = 4*o - 4. Let p(u) = -5*d(u) + 4*z(u). Give p(-8).
-4
Let x = -1 + 0. Let m(y) = 4 + 0 - 4 + 3*y - 1. Determine m(x).
-4
Let r(g) = -g**2 - g - 10. Suppose -2*d = -7*d + h - 2, -d - 10 = -5*h. Give r(d).
-10
Let o(k) = 10*k - 9 - 18*k + 7*k. Calculate o(-8).
-1
Let m(i) be the second derivative of -i**3/6 + i**2 + 114*i. Let h(w) = w**3 - 5*w**2 + w. Let x be h(5). Determine m(x).
-3
Suppose -1 = -3*n + 5. Let b(k) = k + k**3 + 4*k**2 - k - 5*k**2. Let q be b(n). Let y(t) = t. Give y(q).
4
Let w(n) be the second derivative of n**4/12 - 4*n**3/3 + 3*n**2 + 3*n. Calculate w(8).
6
Let d(c) = -13*c**3 + 23*c**2 + 20*c - 31. Let a(p) = 7*p**3 - 12*p**2 - 10*p + 16. Let r(g) = 11*a(g) + 6*d(g). Determine r(7).
11
Let c(i) = 11 - 6 + 2 - 7*i + 8*i. What is c(-6)?
1
Let m(p) = p**3 + 3*p**2 + 2*p - 2. Let v(x) = -x**3 + 18*x**2 - 16*x - 19. Let l be v(17). What is m(l)?
-2
Suppose -4*x - 31 + 51 = 0. Let w(y) = y**2 + 2*y**2 + 8*y - 7 - 4*y**2. What is w(x)?
8
Let w = -42 - -27. Let s be 6/w + 44/10. Suppose s*h - 3*h + 2 = 0. Let j(u) = -u**3 - u**2 - 2*u - 3. Calculate j(h).
5
Let f(y) = -20*y - 15. Let b(v) be the first derivative of v**2/2 + v + 6. Let w(n) = 15*b(n) + f(n). Determine w(-1).
5
Let c(l) = l**3 - 7*l**2 - l + 4. Let k(f) = 5*f**3 - 36*f**2 - 6*f + 21. Let u(y) = 11*c(y) - 2*k(y). Calculate u(4).
-10
Let p(c) = c**3 + 6*c**2 + 5*c + 4. Let t be (-1 - -2)/((-16)/80). What is p(t)?
4
Suppose -4*x + 7 = -t, -t - 9 = -0*x - 5*x. Let f(p) = -7*p + 1. Determine f(t).
-6
Let r(p) be the second derivative of p**5/10 - p**4/3 + p**3/2 + p. Let q be r(2). Let a(t) = -t + 5. Calculate a(q).
-1
Let a(g) = -g**2 - 5*g + 5. Let x = 122 - 128. What is a(x)?
-1
Let i = -83 - -88. Let b(k) = -2*k. Determine b(i).
-10
Let h(b) be the second derivative of -b**5/5 - b**2/2 + 3*b. Calculate h(-1).
3
Let s(f) = f**2 + f - 5. Let m = -15 - -19. Suppose -4*j = 4*z + 16, 0*j = m*j - 5*z - 20. Determine s(j).
-5
Let a(n) be the first derivative of -1 + 3/2*n**2 - 4*n. Give a(4).
8
Let c(b) = b - 3 - 3 + 1 + 3. What is c(-3)?
-5
Let a(w) = -4*w - 14. Let t be a(-5). Let m(s) = -s**3 + 5*s**2 + 6*s - 9. Give m(t).
-9
Let b(y) = -5*y**3 + y**2 - y - 3. Let l(h) = 14*h**3 - 2*h**2 + 3*h + 8. Let m(p) = 11*b(p) + 4*l(p). Calculate m(-3).
-4
Let q(c) be the second derivative of c**7/840 + c**6/90 - c**5/24 - c**4/8 + c**3/6 - 6*c. Let r(a) be the second derivative of q(a). Determine r(-5).
-3
Let h(a) = 2*a - 4. Let r(q) = -q**2 + 8*q + 24. Let i be r(10). Determine h(i).
4
Let i(d) = 5*d - 16. Let w = 18 + -51. Let g(f) = f - 3. Let z(l) = w*g(l) + 6*i(l). Give z(3).
-6
Suppose 1 = d - 2*i - 5, d - 18 = -4*i. Let l = 5 - d. Let c(g) = g**2 + 5*g + 4. Give c(l).
4
Let a(r) = -4 - 8*r + 6*r + 3*r - 2. Determine a(6).
0
Let j(y) = -2*y - 7. Let w(p) = 1. Let u be 5/25 - 58/(-10). Let o(g) = u*w(g) + j(g). What is o(5)?
-11
Let n = -31 - -45. Suppose 5*s = 34 - n. Let d(t) = t + 4. What is d(s)?
8
Suppose 5*a + 8 = 4*a - 5*l, 5*a + 5*l + 20 = 0. Let j be ((0/1)/a)/1. Suppose 0 = -j*b + b. Let u(h) = -h**3 - 8. What is u(b)?
-8
Let p(k) be the third derivative of k**5/60 - k**4/6 + k**3/3 + 36*k**2 - 5*k. Let y be 6 + 0/(-2) - 1. Calculate p(y).
7
Let o(w) = 8*w**2 + w**3 + w - 12*w**2 - 5 + 3. Calculate o(2).
-8
Let q(j) = 9*j**2 - 6*j - 15. Let a be (2/(-3))/(18/(-135)). Let p(c) = -c**2 - 8 - 3*c + a*c**2 + 1. Let s(k) = 7*p(k) - 3*q(k). Determine s(4).
0
Let m(a) = 356 + 4*a + a**3 - a**2 - 2*a**2 - 358. What is m(3)?
10
Let j be 1/(-2) - (-26)/4. Let p = j + -11. Let s(w) = -w**3 - 6*w**2 - 2*w + 3. What is s(p)?
-12
Suppose -2*q - 14 = -2. Let c = q + 6. Suppose c = v - 0*v - 3. Let l(n) = n**3 - 4*n**2 + 3*n + 1. Determine l(v).
1
Let g(p) = p. Suppose 5*o - 2 = -4*z + 17, -5*o + 23 = 3*z. What is g(o)?
7
Let t(f) = -4*f**2 - 4*f - 1. Let s(q) = 15*q**2 + 17*q + 4. Let v(o) = 2*s(o) + 9*t(o). Let j = -236 - -235. Determine v(j).
-5
Let m(w) = w + 1. Let d(p) = 6*p**3 - 2*p - 2. Let z be d(-1). What is m(z)?
-5
Let b be 2/15 - (-62)/(-15). Let t(f) = 3*f + 6. Give t(b).
-6
Suppose -2*m - 8 = 5*k, 0 = -2*k + 2*m - 3*m - 4. Let b = 5 + k. Let f(a) = 0*a - 5 - b*a**2 + a**2 + 5*a + 3*a**2. What is f(4)?
-1
Let k(u) = u**2 + 7*u - 2. Let a = 35 - 14. Suppose 0*r = -3*r - a. What is k(r)?
-2
Let o be ((-6)/(-2) - 1)/((-7)/21). Let c(r) = r + 8. Give c(o).
2
Let c(o) = o**3 + 6*o**2 - 6*o - 9. Let y be (-27)/4 + (-15)/60. Calculate c(y).
-16
Let n(y) = y**3 + y**2 + y. Suppose 3*t - 7 = -z - 17, 4*z + 2*t + 10 = 0. Let b(r) = -r**3 + 2*r**2 + 3*r - 1. Let g(k) = z*b(k) + 2*n(k). Calculate g(1).
3
Let x(u) = 2*u**2 - 3*u - 3. Let d(c) = -c**2 + 2*c + 1. Let m(b) = -5*d(b) - 3*x(b). Determine m(-3).
-2
Let m(p) = -p**2 + 6*p + 9. Let o be m(7). Let l(n) = -9*n + 1. Determine l